- o - 25. What is k(0)?
-25
Let x(n) = n**3 + 7*n**2 - 4*n - 1. What is x(-7)?
27
Let b(o) = 9*o + 5. Determine b(-1).
-4
Let f(g) = -g**3 - 6*g**2 - 2*g - 3. Determine f(-3).
-24
Let m(t) = t**2 + 39*t + 146. Give m(-4).
6
Let u(s) = -2*s + 6. Calculate u(4).
-2
Let g(r) = 5*r - 108. Calculate g(22).
2
Let d(o) = o**3 + o**2 - 6*o + 4. Determine d(-4).
-20
Let a(b) = b + 1. Give a(-3).
-2
Let m(x) = x**3 + 3*x**2 + 6*x + 2. Determine m(-2).
-6
Let n(z) = -z**3 + 16*z**2 - 21*z + 18. What is n(15)?
-72
Let h(q) = -5*q. What is h(-8)?
40
Let t(d) = d**3 + 11*d**2 - 3*d - 5. What is t(-11)?
28
Let p(z) = z**2 + z + 89. Determine p(0).
89
Let q(p) = p**2 + 2*p + 21. Give q(-4).
29
Let y(b) = b**2 - 12*b + 16. Determine y(7).
-19
Let h(t) = 4*t + 14. Calculate h(-5).
-6
Let j(s) = -s**3 - 3*s - 13. Give j(0).
-13
Let f(m) = -m**2 - 35*m + 207. Calculate f(5).
7
Let f(r) = 2*r + 34. Calculate f(-17).
0
Let j(n) = -2*n + 3. Give j(3).
-3
Let a(n) = -n**3 - 14*n**2 - 14*n - 7. What is a(-13)?
6
Let w(x) = x + 16. Calculate w(5).
21
Let q(v) = -v**3 - 20*v**2 + 73*v + 73. Determine q(-23).
-19
Let s(d) = -d**2 - 4*d + 4. What is s(-3)?
7
Let q(s) = s**2 + 3. Calculate q(4).
19
Let c(p) = -p**3 + p**2 + 5*p + 7. What is c(5)?
-68
Let u(s) = -s**3 + 7*s**2 - 3. What is u(7)?
-3
Let q(n) = 3*n**2 + 8*n - 1. Determine q(-6).
59
Let z(v) = -v**3 + 4*v**2 + 4*v + 1. What is z(5)?
-4
Let t(g) = -g**3 - 11*g**2 - 6*g - 4. Determine t(-10).
-44
Let r(s) = -s**2 + 61*s + 263. Calculate r(65).
3
Let a(l) = -3*l**2 - 21*l - 17. Calculate a(-6).
1
Let d(y) = 7*y - 9. Give d(6).
33
Let a(d) = -d**3 + 20*d**2 - 36*d + 3. What is a(18)?
3
Let u(d) = 2*d**2 + 92*d - 102. What is u(-47)?
-8
Let a(q) = 3*q**3 + 2*q**2 - 2*q + 4. Determine a(-3).
-53
Let r(h) = 8*h + 23. Calculate r(3).
47
Let y(c) = 2*c**2 + c + 41. Give y(-6).
107
Let g(p) = p**2 + 14*p + 2. Determine g(-7).
-47
Let h(b) = -21*b - 3. Calculate h(-1).
18
Let w(j) = j**3 - 3*j**2 - 3*j - 4. Calculate w(4).
0
Let m(z) = 19*z**3 + z**2 - z - 1. Determine m(-1).
-18
Let m(h) = 19*h + 552. Calculate m(-29).
1
Let z(x) = 15*x + 10. Give z(-4).
-50
Let b(q) = 5*q**2 + 6*q - 35. Determine b(2).
-3
Let h(r) = r**3 - 8*r**2 + 7*r + 3. Give h(7).
3
Let u(m) = -m**3 + 7*m**2 + 4*m + 19. Determine u(6).
79
Let p(g) = -g**3 - 3*g**2 + 5*g - 6. Give p(-5).
19
Let x(s) = -2*s - 4. Give x(-3).
2
Let k(d) = -d**3 + 11*d**2 - 19*d + 7. What is k(9)?
-2
Let k(l) = 55*l + 440. What is k(-8)?
0
Let o(s) = 18*s - 77. Determine o(5).
13
Let b(c) = 17*c + 1564. What is b(-92)?
0
Let p(q) = q - 7. Determine p(10).
3
Let z(x) = -x**3 + 1. What is z(1)?
0
Let t(p) = -10*p**2 + 2*p. Calculate t(-2).
-44
Let a(d) = d**3 - 6*d**2 - 4*d + 21. Determine a(7).
42
Let u(s) = 3*s**2 + 95*s - 26. Determine u(-32).
6
Let c(k) = -5*k**2 - 2*k + 2. What is c(2)?
-22
Let z(y) = y**2 - 9*y + 12. What is z(6)?
-6
Let n(v) = -v**3 + 7*v**2 - 3*v + 12. Calculate n(8).
-76
Let j(f) = -f**2 + 11*f - 14. Calculate j(10).
-4
Let z(i) = 8*i - 9. Determine z(-4).
-41
Let h(v) = 4*v**2 + 6*v + 6. What is h(-2)?
10
Let d(t) = -2*t + 46. What is d(23)?
0
Let t(z) = 4*z - 3. What is t(7)?
25
Let v(p) = -5*p + 163. Give v(34).
-7
Let s(w) = w - 5. Determine s(16).
11
Let f(b) = 2*b**2 + 9*b + 12. Calculate f(-7).
47
Let x(v) = 3*v + 10. What is x(-4)?
-2
Let k(x) = 8*x + 2. What is k(1)?
10
Let r(v) = -2*v**2 - 3*v + 2. What is r(1)?
-3
Let b(p) = p**3 + 8*p**2 + 10*p + 8. Calculate b(-6).
20
Let h(a) = a**2 + 4*a + 2. Determine h(-7).
23
Let g(r) = -r**2 - r - 1. What is g(-4)?
-13
Let b(c) = c**3 + 36*c**2 - 4*c - 138. What is b(-36)?
6
Let k(l) = 12*l - 55. Determine k(5).
5
Let g(z) = -z**2 + 4*z + 12. Calculate g(8).
-20
Let t(n) = -n**3 + 6*n**2 - 3*n. Give t(6).
-18
Let j(k) = 3*k - 8. Calculate j(7).
13
Let p(r) = -r**2 - 7*r + 1. Give p(-6).
7
Let n(x) = -20*x - 30. What is n(-1)?
-10
Let q(r) = -r**3 + 4*r**2 + 12*r - 10. Determine q(6).
-10
Let v(l) = -15*l - 111. Calculate v(-8).
9
Let s(d) = -d**2 - 7*d - 1. Give s(-7).
-1
Let i(k) = -71*k + 150. Determine i(2).
8
Let k(y) = 26*y - 293. Give k(11).
-7
Let r(v) = v**3 + 8*v**2 + v + 9. Determine r(-7).
51
Let p(a) = -a**3 - 3*a**2 + 3*a - 2. Calculate p(-4).
2
Let s(q) = -q**2 - 10*q + 29. Calculate s(-12).
5
Let k(o) = 10*o - 89. Give k(9).
1
Let a(y) = -y**3 - 7*y**2 + 6*y - 8. Calculate a(-8).
8
Let l(o) = -11*o - 130. Calculate l(-11).
-9
Let s(c) = -c**2 - 7*c - 4. Determine s(-5).
6
Let c(z) = -z + 3. Determine c(-9).
12
Let z(l) = l**2 - 40*l + 57. Determine z(39).
18
Let x(c) = c**3 + 10*c**2 + 18*c + 8. Calculate x(-8).
-8
Let k(t) = -t**2 + t - 39. Calculate k(-11).
-171
Let r(t) = 38*t + 25. Calculate r(-1).
-13
Let g(q) = q**3 + 29*q**2 + 31*q + 68. Give g(-28).
-16
Let a(f) = f**3 - 10*f**2 - f + 17. Calculate a(9).
-73
Let g(u) = -4*u**2 + 2*u + 4. Determine g(-2).
-16
Let w(f) = -f**2 - 7*f + 10. Determine w(-8).
2
Let f(z) = -2*z + 4. Give f(-26).
56
Let f(n) = 19*n**2 + 7*n + 8. Determine f(-1).
20
Let p(x) = -x**3 + 23*x**2 + x - 21. Give p(23).
2
Let t(y) = -30*y**2. Determine t(1).
-30
Let a(o) = 7*o**3 + 4*o**2 - 2*o - 2. What is a(-1)?
-3
Let u(j) = -j**2 - 22*j - 9. Give u(-18).
63
Let a(j) = j - 6. Calculate a(-7).
-13
Let o(x) = -x**3 + 2*x**2 - 9*x + 18. Calculate o(3).
-18
Let d(p) = p**2 - 5*p - 70. Calculate d(11).
-4
Let h(c) = c + 21. Give h(-20).
1
Let i(a) = 3*a**3 - 5*a**2 + 4*a. Calculate i(3).
48
Let r(u) = -2*u + 3. Calculate r(6).
-9
Let l(r) = 58*r**3 - 3*r**2. Give l(1).
55
Let j(q) = -5*q + 2. Calculate j(0).
2
Let p(z) = z + 27. What is p(0)?
27
Let o(f) = -9*f**3 - 5*f**2 - 8*f + 4. What is o(-2)?
72
Let c(d) = -d**3 + 9*d**2 + 21*d + 17. Determine c(11).
6
Let f(w) = w**3 - 8*w**2 - 5*w + 6. Calculate f(9).
42
Let t(x) = x**3 + 10*x**2 + 28*x + 20. What is t(-4)?
4
Let g(n) = 4*n + 27. Give g(-11).
-17
Let u(q) = -q**2 + 19*q - 54. Calculate u(15).
6
Let c(i) = -4*i**2 - 5*i + 4. Determine c(-3).
-17
Let n(x) = -x**2 - 9*x - 11. What is n(-5)?
9
Let y(k) = -k**3 + 47*k**2 - 44*k - 109. Calculate y(46).
-17
Let g(m) = -m**2 - 9*m - 2. What is g(-6)?
16
Let j(l) = 3*l**3 + 2*l**2 - 3. Calculate j(0).
-3
Let v(g) = g**3 + 5*g**2 + 5*g + 45. What is v(-5)?
20
Let w(v) = v**3 + 10*v**2 + v - 3. Determine w(-10).
-13
Let n(b) = -3*b**2 - b + 15. What is n(-3)?
-9
Let y(i) = i**2 - 16*i + 12. Give y(15).
-3
Let u(m) = -m**3 + 3*m**2 + 3*m + 11. Give u(4).
7
Let q(c) = -4*c + 15. What is q(5)?
-5
Let b(t) = 9*t + 146. Determine b(-15).
11
Let f(d) = d**2 - 19. Calculate f(0).
-19
Let g(b) = -b**3 + 4*b**2 + 2*b - 14. Give g(4).
-6
Let c(i) = -2*i**2 - 27*i - 23. What is c(-13)?
-10
Let t(j) = -10*j + 43. Give t(4).
3
Let u(o) = o + 11. Give u(-7).
4
Let i(z) = -z + 4. Give i(-3).
7
Let m(j) = -2*j + 31. What is m(19)?
-7
Let i(g) = g**2 + 21*g - 21. Calculate i(-22).
1
Let z(j) = -j**3 - 3*j**2 + 3*j. Determine z(-3).
-9
Let d(p) = -p**3 - 6*p**2 + 8*p + 7. Calculate d(-7).
0
Let s(x) = x**2 + 16*x + 58. Give s(-6).
-2
Let z(o) = 15*o**2 + 3*o. Determine z(-2).
54
Let h(p) = 2*p**3 - 18*p**2 + 18*p - 26. What is h(8)?
-10
Let q(k) = -9*k**3 - 2*k**2 - k. Give q(-1).
8
Let f(c) = -2*c**3 + 7*c**2 + 2*c + 1. Give f(4).
-7
Let n(l) = -2*l**2 + 5*l + 6. Determine n(-3).
-27
Let h(q) = -3*q + 5. Give h(2).
-1
Let o(h) = 6*h + 1. What is o(-2)?
-11
Let n(x) = -2*x - 3. Give n(-7).
11
Let r(b) = -b**3 - 18*b**2 + 41*b + 31. Determine r(-20).
11
Let n(i) = -i**2 - 2*i + 22. Give n(0).
22
Let m(t) = t**3 + 21*t**2 - 27*t - 20. Calculate m(-22).
90
Let d(j) = -j**3 + 7*j**2 - 6*j - 6. Calculate d(5).
14
Let x(l) = -l**3 + 7*l**2 + l - 14. Calculate x(7).
-7
Let j(n) = -n - 14. What is j(-31)?
17
Let s(x) = -x**3 + 8*x**2 - 10*x + 4. Determine s(7).
-17
Let l(q) = -34*q - 373. What is l(-11)?
1
Let s(l) = l + 10. Give s(-4).
6
Let d(x) = -x**3 + 2*x**2 + 4*x. Give d(4).
-16
Let o(q) = q**3 - 14*q**2 - 16*q + 22. Determine o(15).
7
Let n(y) = -63*y + 195. Give n(3).
6
Let t(k) = k**3 - 21*k**2 - 22*k - 5. Calculate t(22).
-5
Let z(t) = 5*t + 94. Determine z(-16).
14
Let w(b) = 2*b - 11. Give w(5).
-1
Let x(o) = -19*o + 51. Give x(3).
-6
Let s(x) = x**2 - 5*x + 32. Determine s(8).
56
Let a(x) = 2*x**2 - 27*x + 7. Calculate a(13).
-6
Let q(r) = 182*r + 711. Give q(-4).
